 of -23 + 96 + 7 + -6 + -2 + -10?
62
Evaluate 43 + (16 - 20) + -25.
14
What is (1 - -12) + 7 - 17 - 30?
-27
Calculate -5 + 5 - (88 + 1) - (4303 - 4313).
-79
(-83 - -75) + (-14 + -1 - -2) + (-1 - 4)
-26
(2 - 25) + -10 + -18 + 13 + 4
-34
What is the value of 84 + 52 + -125 + (2 - 2) + -7 - 32?
-28
32 + (-65 - -15) - -7
-11
Calculate -27 - 1 - (277 + -253 + -144).
92
Calculate -30 + -6 + 0 + 34.
-2
What is the value of (2 + (7 - 71) - (-27 + 15)) + (-13 - -2)?
-61
Calculate (-933 - -776) + (1 - 10 - -18).
-148
Calculate -92 + (-24 - -12) + 11 + (-27 - -36).
-84
What is 11 + 1 + -2 + 1 - (-52 - (-138 - -73))?
-2
What is the value of (-28 - -17 - (-8 + 4 - 8)) + (3 - 8)?
-4
What is the value of -73 + 23 + 50 + 20?
20
Evaluate (10 - 1 - ((-14 - 0 - -5) + 16)) + 21.
23
Calculate -18 + ((5 - -17) + -31 - -10).
-17
25 - (83 - 30 - 92)
64
Calculate 54 + (-163 - -21 - -66).
-22
41 + -18 + 15 - 53
-15
Evaluate 24 + (71 - 66) + -8.
21
Calculate 24 + 26 + -70 + -106.
-126
Calculate 0 + 1 + 9 - (62 + -33 - 11).
-8
What is (-45 - 2 - (251 - 225)) + 5?
-68
What is the value of -11 + 1 + (42 - 34) + (8 - 1) - -12?
17
Evaluate -2 + 47 + -38 - (0 - (0 + 5 - -5)).
17
What is (-87 + 45 - -91) + -36?
13
Calculate (-110 - -2) + (-191 - -214) - (-2 + 0 + 1).
-84
54 + -80 + 20 - (2 + (-10 - -1))
1
What is -19 - (4 + (-16 - 4 - -35) - -22)?
-60
What is the value of -47 + (45 + -41 - -46)?
3
What is 20 + 3 + (102 - 189) - (1 + -11)?
-54
5 + 1 + 16687 + -16653
40
What is 7 - 8 - ((-1 - -2) + -40 + -69 + 75)?
32
What is -4 - ((29 + -9 + -10 - 22) + -2) - -74?
84
62 - (-24 - (-57 - -7) - 25)
61
9 + -7 + (-38 - (-71 + 25) - (-1 + 17))
-6
What is (35 - (48 + -23 + -13) - 37) + (-112 - 1)?
-127
Evaluate -1 - -38 - (13718 - 13694).
13
Calculate 70 - ((-45 - -31) + 64).
20
-19 + (1 - -13) + -2 - -11 - -24
28
Evaluate 139 - (-112 - -252 - 74).
73
0 - (-148 + 245 + 6 + (2 - -4))
-109
50 - ((-13 + -2 - (27 + -41)) + -4)
55
What is the value of (-1 - 19) + -352 + 399?
27
10 + 124 - 66 - 74
-6
-9 - (6 + 8 + -13) - (0 - 4) - 26
-32
-29 + (56 - (23 + 27))
-23
Calculate (3 - -11 - -3) + -25 + -1 + 5.
-4
13 + -46 + (4 + -5 + 1 + -4 - -3)
-34
What is 55 - (72 + -24) - 29?
-22
Calculate (14 - 42) + 18 + 0 - -39.
29
Calculate -59 + -5 + 35 - (-9 + 1 + -4).
-17
What is the value of (7 - ((-4 - -4) + -10)) + 5 + (3 - 0)?
25
What is (-6 - -4 - 8) + (-56 - -63) + -82 - 4?
-89
Calculate 28 + -4 + (36 + -21 + 1 - 16).
24
What is the value of -5 - (7 - -64) - -96?
20
Calculate 3 + 1 + 0 + -31 - (57 - (97 - 46)).
-33
What is -12 - (-34 - (-4 - (-17 - -20)) - -11)?
4
Calculate (2 - (2 + 0 + 43)) + 52 + -42.
-33
What is the value of 10 - (-6 + -9 - 2) - (1 - -8)?
18
Evaluate 27 - (1 + 91 - (-58 - -36)).
-87
Evaluate (-2 + 6 + 6 - (-16 + 9 + 16)) + 21.
22
Evaluate 877 + -900 + 114 + 5.
96
Calculate -5 - (-8 + -4) - (-2 - (14 + 0)).
23
10 + -2 + (27 - (-35 + 3 + 13))
54
(-4 - (2 + (-3 - 4))) + (30 + -26 - 2)
3
What is -48 - (-9 + 3 + -20 + 20)?
-42
What is -1382 - -1389 - (10 + (-1 - 0 - (8 + -8)))?
-2
Evaluate (16 - -12) + (373 - 456).
-55
Calculate (-18 - -31) + (4 - (17 - 41)).
41
(-72 + 119 - -94) + -63
78
What is (0 - (4 - 4) - (1 - 69)) + (8 - 13)?
63
What is the value of (-17 - 13) + 10 + 18 + 6?
4
(-126 - -28) + 119 + -64
-43
Calculate 171 + -70 + -291 + 94.
-96
Calculate (-87 - -79) + -6 + (-4 - 26 - (1 + -5)).
-40
What is the value of 35 + (-13 + (14 - -11) + 6 - 2)?
51
Calculate -20 - (0 - 1) - (29 - 11 - 21).
-16
7 + -4 + (16 - (14 - 20))
25
Evaluate 4 + -114 - (1698 - 1726).
-82
Calculate 1 + 87 + (-11 + -67 + 21 - -79).
110
Evaluate 19 - 1 - (110 + -91 + -6).
5
What is the value of -1 + (45 - 58) - -68?
54
Calculate (39 - 33) + (-27 - (32 + -27)).
-26
56 - ((-46 - -171) + -68)
-1
Evaluate 3 + (-18 - -25) - ((3 - 3) + 6 - 0).
4
Calculate -70 + (98 - -79) + -121.
-14
1 + 26 + 2 + -14 + -78 + -6
-69
-30 - (-52 + 45) - (-37 + -4)
18
3 + -14 - (-10 - (-118 + 0 + -8 + 12))
-115
Evaluate -73 - ((29 - 39) + -16 + -11).
-36
What is 2 + -8 + -5 - -59 - (38 - 22)?
32
What is 12 - 18 - (-5 + 4 + -58)?
53
Calculate 6 - (-40 + 80 + -174 + 43).
97
What is the value of (-3 - ((4 - -21) + (-5 - 4))) + 15 + -13?
-17
What is 7 + 29 + -24 + -13 + 34?
33
Calculate 6 + (9 - (-5 - 7 - -33)) + 104.
98
Evaluate -1 - (-7 - -4) - (-8 + 1) - (94 + 7).
-92
What is 4 - -141 - (432 - 357)?
70
Evaluate 8 + (-39 - ((22 - 2) + -30)).
-21
30 + (-38 + 21 - 9 - 109)
-105
-26 + (-33 - (-9 - 0) - (-7 - 5))
-38
Evaluate 1 - -1 - (-187 - -140).
49
-29 + 14 + -5 - (-72 + 47)
5
What is 5 + (-40 - -19 - -7) - -7?
-2
Calculate -21 - (14 + -5 + (-104 - -95 - (0 - 9))).
-30
Calculate -637 - -689 - (3 + 68).
-19
Evaluate (0 - 14) + (-22 + -2 - -40) + -90.
-88
What is the value of 0 + -1 + -11 + -48 + (99 - -43)?
82
What is 48 + -19 + -19 + -8 + 30?
32
Calculate (-27 + -85 - 5) + 93.
-24
What is the value of 52 - ((-88 - 28) + 187)?
-19
What is (14 - (0 + -6 - -24)) + 3 + (1 - 89)?
-89
-26 + 23 + 11 + -76
-68
Calculate -2 - -49 - (288 - 248).
7
Calculate 2 + 0 + (461 - 478) - -28.
13
Calculate (13 - 0) + 64 + -34 + -8.
35
What is 164 + -118 + -20 - -83?
109
What is the value of -24 + (-7 - (5 + 26)) + 71?
9
What is the value of -28 + 43 - (-38 - -40) - -69?
82
Calculate (3 - (-73 - -64)) + (4 - 35) + 4.
-15
Calculate 3 - (-30 + -59 - -57).
35
(1 - 15) + (-24 - (-11 + 15 + -27)) + 95
80
What is the value of (50 - 72) + (-10 - -2)?
-30
Calculate 39 - 6 - -79 - 46.
66
What is the value of 4 + (-94 - -41) + -18?
-67
19 + (-22 + 17 - -10) + -21
3
42 + -78 - (1 - 64)
27
Calculate -1 + -12 + (39 - (-8 - -14) - -67).
87
Evaluate ((-12 - 49) + -12 - (0 + -6 - -19)) + -11.
-97
What is the value of 13 - 12 - (-14 + (-11 - -1))?
25
What is the value of -84 + (-80 + 79 - -202)?
117
What is the value of -2 + -2 + 9 - (0 - (-4 - -10))?
11
What is the value of 115 + (44 - 70) - 70?
19
Evaluate (52 - -154) + -268 - (15 + 2).
-79
Evaluate -13 + 5 + 0 + 359 + -380.
-29
Calculate (2 - (3 + -2)) + -26 + (26 - 15) + -40.
-54
Evaluate 657 + -722 - (-5 + (-21 - 4)).
-35
Calculate 5 - ((1 - -3) + 49).
-48
What is -8 + (-23 + (3 - -6) - (6 + -11 + -17))?
0
Calculate -16 + -1 + 26 - 16 - 40.
-47
36 + 30 + -9 + 3 + -17 + 8
51
138 - (-1273 + 1300 + (0 - -9))
102
What is -18 + (50 - (-3 - 19)) + -1?
53
What is the value of (-4 - -15 - (-12 - (-36 + 3))) + 65?
55
Calculate -42 - (5 + -37) - (39 - 9 - 8).
-32
Evaluate (-8 - 15) + (-18 - -38) - (0 + -10) - -2.
9
Evaluate 6 + (15 - (-311 + 327 + (-9 - -2) + -1)).
13
What is -1 + 60 + 1 - (-31 - (-46 - (-38 + 20)))?
63
38 - (-6 - (-105 - -72))
11
Evaluate -814 + 813 - (0 + (2 - 1) + -6).
4
What is the value of -33 + -4 + (17 - 85 - -74)?
-31
Calculate -16 + -38 + (37 - -32).
15
What is 2 - (1 - -21 - 28) - -15?
23
(-16 - -10 - (-37 + 3)) + -35 + 45
38
94 + -16 - -9 - (-25 + 49)
63
Evaluate -15 - (57 + -54) - -44.
26
What is (56 - -7) + (153 - 149 - (-5 - -1))?
71
Calculate (3 - -12 - (-11 - -21)) + -50.
-45
What is the value of (-152 - -212) + 13 + 9 + -18 + (-17 - -1)?
48
(-38 - 4 - -2) + 80 + -33 + -50
-43
-24 + 8 + (-15 - (7 + (-18 - 7)))
-13
Evaluate 8 + 19 + 3 + 2 + (9 - 14 - 1).
26
What is 146 - (1 + -1) - (-19 - (-111 + 92 + -12))?
134
Evaluate -108 + -2 + 2 - (49 - (-16 + (70 - 3))).
-106
What is (38 + (-1 - -4) - 6) + (-5 - (-3 + 0))?
33
Calculate -50 + (-81 - -97 - (36 - 7)).
-63
What is (-182 - -126) + 68 + (2 - (78 + -4 + 0))?
-60
36 + (-30 + -20 - 47)
-61
Calculate 81 - -17 - (1 - 1) - (-8 - 5).
111
Evaluate -42 + 119 + -32 - -5.
50
What is the value of (-79 - -49) + 57 + -65?
-38
2 - 38 - (-285 + 144 + 87)
18
Evaluate (18 + -14 - 47) + 45.
2
Calculate 0 + 25 + 14 + 10 + -11 + 1 + -12.
27
What is (-5 - (2 - (32 + -11)) - 7) + -48 + 9?
-32
What is 26 + -209 + 44 - (-9 + -2 + 9)?
-137
117 + -254 + 32 - -48
-57
What is 30 + 0 + (91 - (132 - 3))?
-8
27 + -36 + 1 + -65 + -11 + 15
-69
What is the value of (17 - 51) + -14 + 19 + -12 + -14?
-55
What is the value of 34 + (-16 - 14) + 42 + -19?
27
Evaluate 8 + (-1 - -15) + (133 - 146) + (-13 - 2).
-6
(-36 - 0) + -123 + (-316 - -522)
47
What is the value of (8 - 1) + (-37 - -19) - 36?
-47
What is the value of -60 + (10 - -22) + -7?
-35
What is the value of -4 + -1 - (-12 - (-6 + -4 + -17 + 21))?
1
What is -4 - 20 - -10 - 22?
-36
Evaluate (19 - (40 - 18)) + -1 + -3